{"id":482,"date":"2023-03-15T09:29:15","date_gmt":"2023-03-15T08:29:15","guid":{"rendered":"https:\/\/terresetbocages.org\/?page_id=482"},"modified":"2023-04-25T16:31:14","modified_gmt":"2023-04-25T14:31:14","slug":"nos-valeurs","status":"publish","type":"page","link":"https:\/\/terresetbocages.org\/index.php\/nos-valeurs\/","title":{"rendered":"Nos valeurs"},"content":{"rendered":"\n<div class=\"is-layout-flow wp-block-group alignfull has-background\" style=\"background-color:#c7ca91\"><div class=\"wp-block-group__inner-container\">\n<div class=\"is-layout-flex wp-container-2 wp-block-columns alignwide\">\n<div class=\"is-layout-flow wp-block-column\">\n<div style=\"height:100px\" aria-hidden=\"true\" class=\"wp-block-spacer\"><\/div>\n\n\n\n<h6 class=\"has-text-color has-medium-font-size\" id=\"ecosystem\" style=\"color:#000000\">S&rsquo;ORGANISER<\/h6>\n\n\n\n<p class=\"has-nv-dark-bg-color has-text-color\" style=\"font-size:5vw;line-height:1.1\"><strong>Faire ensemble <\/strong>: la formation-action<\/p>\n\n\n\n<div style=\"height:5px\" aria-hidden=\"true\" class=\"wp-block-spacer\"><\/div>\n<\/div>\n<\/div>\n\n\n\n<div class=\"is-layout-flex wp-container-5 wp-block-columns alignwide\">\n<div class=\"is-layout-flow wp-block-column\" style=\"flex-basis:50.29%\">\n<p class=\"has-text-color has-medium-font-size\" style=\"color:#000000\">Au c\u0153ur de la mission de Terres et Bocages il y a la volont\u00e9 de s&rsquo;organiser entre agriculteurs, selon des mod\u00e8les inspir\u00e9s du monde agricole. Il s&rsquo;agit de r\u00e9unir du mat\u00e9riel et des comp\u00e9tences afin de d\u00e9velopper un r\u00e9seau de haies et talus bocagers. Ou plus largement d&rsquo;associer savoir-faire sylvicoles et agricoles pour une meilleure int\u00e9gration de l&rsquo;arbre dans nos syst\u00e8mes. <\/p>\n<\/div>\n\n\n\n<div class=\"is-layout-flow wp-block-column\" style=\"flex-basis:49.71%\">\n<figure class=\"wp-block-image size-large\"><img decoding=\"async\" loading=\"lazy\" width=\"1024\" height=\"576\" src=\"http:\/\/terresetbocages.org\/wp-content\/uploads\/2023\/03\/Capture-decran-2023-02-06-a-09.37.45-1024x576.png\" alt=\"\" class=\"wp-image-516\" srcset=\"https:\/\/terresetbocages.org\/wp-content\/uploads\/2023\/03\/Capture-decran-2023-02-06-a-09.37.45-1024x576.png 1024w, https:\/\/terresetbocages.org\/wp-content\/uploads\/2023\/03\/Capture-decran-2023-02-06-a-09.37.45-300x169.png 300w, https:\/\/terresetbocages.org\/wp-content\/uploads\/2023\/03\/Capture-decran-2023-02-06-a-09.37.45-768x432.png 768w, https:\/\/terresetbocages.org\/wp-content\/uploads\/2023\/03\/Capture-decran-2023-02-06-a-09.37.45-1536x864.png 1536w, https:\/\/terresetbocages.org\/wp-content\/uploads\/2023\/03\/Capture-decran-2023-02-06-a-09.37.45-2048x1152.png 2048w\" sizes=\"(max-width: 1024px) 100vw, 1024px\" \/><\/figure>\n<\/div>\n<\/div>\n\n\n\n<div class=\"is-layout-flow wp-block-group alignfull has-nv-site-bg-background-color has-background\"><div class=\"wp-block-group__inner-container\">\n<div class=\"is-layout-flex wp-container-10 wp-block-columns alignwide\">\n<div class=\"is-layout-flow wp-block-column\">\n<div style=\"height:100px\" aria-hidden=\"true\" class=\"wp-block-spacer\"><\/div>\n\n\n\n<h6 class=\"has-text-color has-medium-font-size\" id=\"ecosystem\" style=\"color:#000000\">AUTONOMIE<\/h6>\n\n\n\n<p class=\"has-text-color\" style=\"color:#000000;font-size:5vw;line-height:1.1\"><strong>Participer <\/strong>\u00e0 la plantation et \u00e0 son financement<\/p>\n\n\n\n<div class=\"is-layout-flex wp-container-8 wp-block-columns\">\n<div class=\"is-layout-flow wp-block-column\"><div class=\"wp-block-image\">\n<figure class=\"aligncenter size-large is-resized\"><img decoding=\"async\" loading=\"lazy\" src=\"http:\/\/terresetbocages.org\/wp-content\/uploads\/2023\/02\/Capture-decran-2022-05-31-a-08.58.45-1024x576.png\" alt=\"\" class=\"wp-image-390\" width=\"530\" height=\"298\" srcset=\"https:\/\/terresetbocages.org\/wp-content\/uploads\/2023\/02\/Capture-decran-2022-05-31-a-08.58.45-1024x576.png 1024w, https:\/\/terresetbocages.org\/wp-content\/uploads\/2023\/02\/Capture-decran-2022-05-31-a-08.58.45-300x169.png 300w, https:\/\/terresetbocages.org\/wp-content\/uploads\/2023\/02\/Capture-decran-2022-05-31-a-08.58.45-768x432.png 768w, https:\/\/terresetbocages.org\/wp-content\/uploads\/2023\/02\/Capture-decran-2022-05-31-a-08.58.45-1536x864.png 1536w, https:\/\/terresetbocages.org\/wp-content\/uploads\/2023\/02\/Capture-decran-2022-05-31-a-08.58.45-2048x1152.png 2048w\" sizes=\"(max-width: 530px) 100vw, 530px\" \/><\/figure><\/div><\/div>\n\n\n\n<div class=\"is-layout-flow wp-block-column is-vertically-aligned-center\">\n<p class=\"has-medium-font-size\"> Notre fonctionnement repose sur une implication de l&rsquo;agriculteur tant dans la conception, la r\u00e9alisation que dans le financement de la plantation et de l&rsquo;entretien des haies. Consid\u00e9rant qu&rsquo;il s&rsquo;agit l\u00e0 d&rsquo;un gage de p\u00e9rennit\u00e9 et d&rsquo;autonomie favorisant une pr\u00e9sence durable de l&rsquo;arbre sur la ferme. L&rsquo;action de Terres et Bocages se distingue, par son principe de participation active de l&rsquo;agriculteur, des d\u00e9marches port\u00e9es par les collectivit\u00e9s au travers notamment du programme <a href=\"https:\/\/www.bretagneportedeloire.fr\/breizh-bocage\/\">Breizh-bocage<\/a>.<\/p>\n<\/div>\n<\/div>\n\n\n\n<div style=\"height:5px\" aria-hidden=\"true\" class=\"wp-block-spacer\"><\/div>\n<\/div>\n<\/div>\n\n\n\n<hr class=\"wp-block-separator has-text-color has-alpha-channel-opacity has-background is-style-wide\" style=\"background-color:#fff129;color:#fff129\"\/>\n\n\n\n<h2 class=\"has-text-color\" style=\"color:#000000\"><\/h2>\n<\/div><\/div>\n\n\n\n<div class=\"is-layout-flow wp-block-group alignfull has-background\" style=\"background-color:#515350\"><div class=\"wp-block-group__inner-container\">\n<div class=\"is-layout-flex wp-container-13 wp-block-columns alignwide\">\n<div class=\"is-layout-flow wp-block-column\">\n<div style=\"height:100px\" aria-hidden=\"true\" class=\"wp-block-spacer\"><\/div>\n\n\n\n<h6 class=\"has-text-color has-medium-font-size\" id=\"ecosystem\" style=\"color:#fff129\">PARTAGE<\/h6>\n\n\n\n<p class=\"has-nv-site-bg-color has-text-color\" style=\"font-size:5vw;line-height:1.1\"><strong>Prolonger <\/strong>une culture agricole du bocage<\/p>\n\n\n\n<div style=\"height:5px\" aria-hidden=\"true\" class=\"wp-block-spacer\"><\/div>\n<\/div>\n<\/div>\n\n\n\n<div class=\"is-layout-flex wp-container-16 wp-block-columns alignwide\">\n<div class=\"is-layout-flow wp-block-column is-vertically-aligned-center\" style=\"flex-basis:50.29%\">\n<p class=\"has-nv-site-bg-color has-text-color has-medium-font-size\">Dans une perspective agro\u00e9cologique, partager et am\u00e9liorer collectivement notre compr\u00e9hension du bocage en associant agriculteurs, \u00e9tudiants, chercheurs, habitants du territoire. Consid\u00e9rant que le bocage constitue un commun poss\u00e9dant un int\u00e9r\u00eat agro\u00e9cologique pour la ferme doubl\u00e9 d&rsquo;un int\u00e9r\u00eat plus global. Celui qui plante est un passeur, un ouvrier pour le paysage.<\/p>\n<\/div>\n\n\n\n<div class=\"is-layout-flow wp-block-column\" style=\"flex-basis:49.71%\">\n<figure class=\"wp-block-image size-large\"><img decoding=\"async\" loading=\"lazy\" width=\"1024\" height=\"768\" src=\"https:\/\/terresetbocages.org\/wp-content\/uploads\/2023\/03\/P3130180-1024x768.jpg\" alt=\"\" class=\"wp-image-614\" srcset=\"https:\/\/terresetbocages.org\/wp-content\/uploads\/2023\/03\/P3130180-1024x768.jpg 1024w, https:\/\/terresetbocages.org\/wp-content\/uploads\/2023\/03\/P3130180-300x225.jpg 300w, https:\/\/terresetbocages.org\/wp-content\/uploads\/2023\/03\/P3130180-768x576.jpg 768w, https:\/\/terresetbocages.org\/wp-content\/uploads\/2023\/03\/P3130180-1536x1152.jpg 1536w, https:\/\/terresetbocages.org\/wp-content\/uploads\/2023\/03\/P3130180-2048x1536.jpg 2048w\" sizes=\"(max-width: 1024px) 100vw, 1024px\" \/><\/figure>\n<\/div>\n<\/div>\n\n\n\n<div class=\"is-layout-flex wp-container-18 wp-block-columns alignwide\">\n<div class=\"is-layout-flow wp-block-column\" style=\"flex-basis:67%\"><\/div>\n<\/div>\n<\/div><\/div>\n<\/div><\/div>\n","protected":false},"excerpt":{"rendered":"<p>S&rsquo;ORGANISER Faire ensemble : la formation-action Au c\u0153ur de la mission de Terres et Bocages il y a la volont\u00e9 de s&rsquo;organiser entre agriculteurs, selon des mod\u00e8les inspir\u00e9s du monde agricole. Il s&rsquo;agit de r\u00e9unir du mat\u00e9riel et des comp\u00e9tences afin de d\u00e9velopper un r\u00e9seau de haies et talus bocagers. Ou plus largement d&rsquo;associer savoir-faire&hellip;&nbsp;<a href=\"https:\/\/terresetbocages.org\/index.php\/nos-valeurs\/\" class=\"\" rel=\"bookmark\">Lire la suite &raquo;<span class=\"screen-reader-text\">Nos valeurs<\/span><\/a><\/p>\n","protected":false},"author":1,"featured_media":0,"parent":0,"menu_order":0,"comment_status":"closed","ping_status":"closed","template":"","meta":{"neve_meta_sidebar":"","neve_meta_container":"","neve_meta_enable_content_width":"","neve_meta_content_width":0,"neve_meta_title_alignment":"","neve_meta_author_avatar":"","neve_post_elements_order":"","neve_meta_disable_header":"","neve_meta_disable_footer":"","neve_meta_disable_title":"","_themeisle_gutenberg_block_has_review":false,"_ti_tpc_template_sync":false,"_ti_tpc_template_id":""},"yoast_head":"<!-- This site is optimized with the Yoast SEO plugin v19.11 - https:\/\/yoast.com\/wordpress\/plugins\/seo\/ -->\n<title>Nos valeurs &ndash; Association Terres et bocages<\/title>\n<meta name=\"robots\" content=\"index, follow, max-snippet:-1, max-image-preview:large, max-video-preview:-1\" \/>\n<link rel=\"canonical\" href=\"http:\/\/terresetbocages.org\/index.php\/nos-valeurs\/\" \/>\n<meta property=\"og:locale\" content=\"fr_FR\" \/>\n<meta property=\"og:type\" content=\"article\" \/>\n<meta property=\"og:title\" content=\"Nos valeurs &ndash; Association Terres et bocages\" \/>\n<meta property=\"og:description\" content=\"S&rsquo;ORGANISER Faire ensemble : la formation-action Au c\u0153ur de la mission de Terres et Bocages il y a la volont\u00e9 de s&rsquo;organiser entre agriculteurs, selon des mod\u00e8les inspir\u00e9s du monde agricole. Il s&rsquo;agit de r\u00e9unir du mat\u00e9riel et des comp\u00e9tences afin de d\u00e9velopper un r\u00e9seau de haies et talus bocagers. Ou plus largement d&rsquo;associer savoir-faire&hellip;&nbsp;Lire la suite &raquo;Nos valeurs\" \/>\n<meta property=\"og:url\" content=\"http:\/\/terresetbocages.org\/index.php\/nos-valeurs\/\" \/>\n<meta property=\"og:site_name\" content=\"Association Terres et bocages\" \/>\n<meta property=\"article:modified_time\" content=\"2023-04-25T14:31:14+00:00\" \/>\n<meta property=\"og:image\" content=\"http:\/\/terresetbocages.org\/wp-content\/uploads\/2023\/03\/Capture-decran-2023-02-06-a-09.37.45-1024x576.png\" \/>\n<meta name=\"twitter:card\" content=\"summary_large_image\" \/>\n<meta name=\"twitter:label1\" content=\"Dur\u00e9e de lecture estim\u00e9e\" \/>\n\t<meta name=\"twitter:data1\" content=\"2 minutes\" \/>\n<script type=\"application\/ld+json\" class=\"yoast-schema-graph\">{\"@context\":\"https:\/\/schema.org\",\"@graph\":[{\"@type\":\"WebPage\",\"@id\":\"http:\/\/terresetbocages.org\/index.php\/nos-valeurs\/\",\"url\":\"http:\/\/terresetbocages.org\/index.php\/nos-valeurs\/\",\"name\":\"Nos valeurs &ndash; Association Terres et bocages\",\"isPartOf\":{\"@id\":\"https:\/\/terresetbocages.org\/#website\"},\"datePublished\":\"2023-03-15T08:29:15+00:00\",\"dateModified\":\"2023-04-25T14:31:14+00:00\",\"breadcrumb\":{\"@id\":\"http:\/\/terresetbocages.org\/index.php\/nos-valeurs\/#breadcrumb\"},\"inLanguage\":\"fr-FR\",\"potentialAction\":[{\"@type\":\"ReadAction\",\"target\":[\"http:\/\/terresetbocages.org\/index.php\/nos-valeurs\/\"]}]},{\"@type\":\"BreadcrumbList\",\"@id\":\"http:\/\/terresetbocages.org\/index.php\/nos-valeurs\/#breadcrumb\",\"itemListElement\":[{\"@type\":\"ListItem\",\"position\":1,\"name\":\"Accueil\",\"item\":\"https:\/\/terresetbocages.org\/\"},{\"@type\":\"ListItem\",\"position\":2,\"name\":\"Nos valeurs\"}]},{\"@type\":\"WebSite\",\"@id\":\"https:\/\/terresetbocages.org\/#website\",\"url\":\"https:\/\/terresetbocages.org\/\",\"name\":\"Association TERRES et BOCAGES\",\"description\":\"R\u00e9unir des agriculteurs pour entretenir et am\u00e9liorer le bocage\",\"publisher\":{\"@id\":\"https:\/\/terresetbocages.org\/#organization\"},\"potentialAction\":[{\"@type\":\"SearchAction\",\"target\":{\"@type\":\"EntryPoint\",\"urlTemplate\":\"https:\/\/terresetbocages.org\/?s={search_term_string}\"},\"query-input\":\"required name=search_term_string\"}],\"inLanguage\":\"fr-FR\"},{\"@type\":\"Organization\",\"@id\":\"https:\/\/terresetbocages.org\/#organization\",\"name\":\"Association TERRES & BOCAGES\",\"url\":\"https:\/\/terresetbocages.org\/\",\"logo\":{\"@type\":\"ImageObject\",\"inLanguage\":\"fr-FR\",\"@id\":\"https:\/\/terresetbocages.org\/#\/schema\/logo\/image\/\",\"url\":\"https:\/\/terresetbocages.org\/wp-content\/uploads\/2017\/05\/Logo_TetB.jpg\",\"contentUrl\":\"https:\/\/terresetbocages.org\/wp-content\/uploads\/2017\/05\/Logo_TetB.jpg\",\"width\":1000,\"height\":542,\"caption\":\"Association TERRES & BOCAGES\"},\"image\":{\"@id\":\"https:\/\/terresetbocages.org\/#\/schema\/logo\/image\/\"}}]}<\/script>\n<!-- \/ Yoast SEO plugin. -->","yoast_head_json":{"title":"Nos valeurs &ndash; Association Terres et bocages","robots":{"index":"index","follow":"follow","max-snippet":"max-snippet:-1","max-image-preview":"max-image-preview:large","max-video-preview":"max-video-preview:-1"},"canonical":"http:\/\/terresetbocages.org\/index.php\/nos-valeurs\/","og_locale":"fr_FR","og_type":"article","og_title":"Nos valeurs &ndash; Association Terres et bocages","og_description":"S&rsquo;ORGANISER Faire ensemble : la formation-action Au c\u0153ur de la mission de Terres et Bocages il y a la volont\u00e9 de s&rsquo;organiser entre agriculteurs, selon des mod\u00e8les inspir\u00e9s du monde agricole. Il s&rsquo;agit de r\u00e9unir du mat\u00e9riel et des comp\u00e9tences afin de d\u00e9velopper un r\u00e9seau de haies et talus bocagers. Ou plus largement d&rsquo;associer savoir-faire&hellip;&nbsp;Lire la suite &raquo;Nos valeurs","og_url":"http:\/\/terresetbocages.org\/index.php\/nos-valeurs\/","og_site_name":"Association Terres et bocages","article_modified_time":"2023-04-25T14:31:14+00:00","og_image":[{"url":"http:\/\/terresetbocages.org\/wp-content\/uploads\/2023\/03\/Capture-decran-2023-02-06-a-09.37.45-1024x576.png"}],"twitter_card":"summary_large_image","twitter_misc":{"Dur\u00e9e de lecture estim\u00e9e":"2 minutes"},"schema":{"@context":"https:\/\/schema.org","@graph":[{"@type":"WebPage","@id":"http:\/\/terresetbocages.org\/index.php\/nos-valeurs\/","url":"http:\/\/terresetbocages.org\/index.php\/nos-valeurs\/","name":"Nos valeurs &ndash; Association Terres et bocages","isPartOf":{"@id":"https:\/\/terresetbocages.org\/#website"},"datePublished":"2023-03-15T08:29:15+00:00","dateModified":"2023-04-25T14:31:14+00:00","breadcrumb":{"@id":"http:\/\/terresetbocages.org\/index.php\/nos-valeurs\/#breadcrumb"},"inLanguage":"fr-FR","potentialAction":[{"@type":"ReadAction","target":["http:\/\/terresetbocages.org\/index.php\/nos-valeurs\/"]}]},{"@type":"BreadcrumbList","@id":"http:\/\/terresetbocages.org\/index.php\/nos-valeurs\/#breadcrumb","itemListElement":[{"@type":"ListItem","position":1,"name":"Accueil","item":"https:\/\/terresetbocages.org\/"},{"@type":"ListItem","position":2,"name":"Nos valeurs"}]},{"@type":"WebSite","@id":"https:\/\/terresetbocages.org\/#website","url":"https:\/\/terresetbocages.org\/","name":"Association TERRES et BOCAGES","description":"R\u00e9unir des agriculteurs pour entretenir et am\u00e9liorer le bocage","publisher":{"@id":"https:\/\/terresetbocages.org\/#organization"},"potentialAction":[{"@type":"SearchAction","target":{"@type":"EntryPoint","urlTemplate":"https:\/\/terresetbocages.org\/?s={search_term_string}"},"query-input":"required name=search_term_string"}],"inLanguage":"fr-FR"},{"@type":"Organization","@id":"https:\/\/terresetbocages.org\/#organization","name":"Association TERRES & BOCAGES","url":"https:\/\/terresetbocages.org\/","logo":{"@type":"ImageObject","inLanguage":"fr-FR","@id":"https:\/\/terresetbocages.org\/#\/schema\/logo\/image\/","url":"https:\/\/terresetbocages.org\/wp-content\/uploads\/2017\/05\/Logo_TetB.jpg","contentUrl":"https:\/\/terresetbocages.org\/wp-content\/uploads\/2017\/05\/Logo_TetB.jpg","width":1000,"height":542,"caption":"Association TERRES & BOCAGES"},"image":{"@id":"https:\/\/terresetbocages.org\/#\/schema\/logo\/image\/"}}]}},"_links":{"self":[{"href":"https:\/\/terresetbocages.org\/index.php\/wp-json\/wp\/v2\/pages\/482"}],"collection":[{"href":"https:\/\/terresetbocages.org\/index.php\/wp-json\/wp\/v2\/pages"}],"about":[{"href":"https:\/\/terresetbocages.org\/index.php\/wp-json\/wp\/v2\/types\/page"}],"author":[{"embeddable":true,"href":"https:\/\/terresetbocages.org\/index.php\/wp-json\/wp\/v2\/users\/1"}],"replies":[{"embeddable":true,"href":"https:\/\/terresetbocages.org\/index.php\/wp-json\/wp\/v2\/comments?post=482"}],"version-history":[{"count":28,"href":"https:\/\/terresetbocages.org\/index.php\/wp-json\/wp\/v2\/pages\/482\/revisions"}],"predecessor-version":[{"id":678,"href":"https:\/\/terresetbocages.org\/index.php\/wp-json\/wp\/v2\/pages\/482\/revisions\/678"}],"wp:attachment":[{"href":"https:\/\/terresetbocages.org\/index.php\/wp-json\/wp\/v2\/media?parent=482"}],"curies":[{"name":"wp","href":"https:\/\/api.w.org\/{rel}","templated":true}]}}