{"id":370,"date":"2023-02-07T10:28:00","date_gmt":"2023-02-07T09:28:00","guid":{"rendered":"https:\/\/terresetbocages.org\/?page_id=370"},"modified":"2023-04-25T16:25:14","modified_gmt":"2023-04-25T14:25:14","slug":"nos-actions","status":"publish","type":"page","link":"https:\/\/terresetbocages.org\/index.php\/nos-actions\/","title":{"rendered":"Nos actions"},"content":{"rendered":"\n<div id=\"wp-block-themeisle-blocks-advanced-columns-f63d2253\" class=\"wp-block-themeisle-blocks-advanced-columns alignfull has-1-columns has-desktop-equal-layout has-tablet-equal-layout has-mobile-collapsedRows-layout has-reverse-columns-mobile has-vertical-center ticss-c00aadba\"><div class=\"wp-block-themeisle-blocks-advanced-columns-overlay\"><\/div><div class=\"innerblocks-wrap\">\n<div id=\"wp-block-themeisle-blocks-advanced-column-7de737fd\" class=\"wp-block-themeisle-blocks-advanced-column\">\n<h1 class=\"has-text-align-center has-text-color\" style=\"color:#fff129\">1. Planter et r\u00e9g\u00e9n\u00e9rer<\/h1>\n\n\n\n<p id=\"wp-block-themeisle-blocks-advanced-heading-f8db831d\" class=\"wp-block-themeisle-blocks-advanced-heading wp-block-themeisle-blocks-advanced-heading-f8db831d\">Tous types de lin\u00e9aires : simples, sur talus, en bande bois\u00e9e, alignements de fruitiers, agroforesterie<\/p>\n<\/div>\n<\/div><\/div>\n\n\n\n<div class=\"is-layout-flex wp-container-4 wp-block-columns alignwide\">\n<div class=\"is-layout-flow wp-elements-0d178d017d8b5229d9149d1fdeedb1d2 wp-block-column has-text-color has-background has-link-color\" style=\"color:#000000;background-color:#c7ca91;padding-top:2em;padding-right:2em;padding-bottom:2em;padding-left:2em\">\n<h2 id=\"single\" style=\"font-size:40px\"><strong>Conseiller<\/strong><\/h2>\n\n\n\n<hr class=\"wp-block-separator has-text-color has-css-opacity has-background is-style-wide\" style=\"background-color:#000000;color:#000000\"\/>\n\n\n\n<p class=\"has-medium-font-size\">B\u00e9n\u00e9ficier gratuitement de conseils techniques pour d\u00e9terminer l&#8217;emprise ainsi que la composition d&rsquo;une haie \u00e0 (re)planter.<\/p>\n<\/div>\n\n\n\n<div class=\"is-layout-flow wp-elements-d39d92e6b39560ee7ec6d62437a2c250 wp-block-column has-text-color has-background has-link-color\" style=\"color:#000000;background-color:#99a855;padding-top:2em;padding-right:2em;padding-bottom:2em;padding-left:2em\">\n<h2 id=\"family\" style=\"font-size:40px\"><strong>Fournir<\/strong><\/h2>\n\n\n\n<hr class=\"wp-block-separator has-css-opacity is-style-wide\"\/>\n\n\n\n<p class=\"has-medium-font-size\">Fourniture de jeunes plants forestiers\/bocagers produits en 2 ans dans une p\u00e9pini\u00e8re de production, possibilit\u00e9 d&rsquo;introduire des fruitiers. Une commande group\u00e9e annuelle permet d&rsquo;obtenir des prix de gros sur les plants. <\/p>\n<\/div>\n\n\n\n<div class=\"is-layout-flow wp-elements-c5f3ba020557f9ab8e01b6f78fe447bd wp-block-column has-text-color has-background has-link-color\" style=\"color:#000000;background-color:#c4af44;padding-top:2em;padding-right:2em;padding-bottom:2em;padding-left:2em\">\n<h2 id=\"patron\" style=\"font-size:40px\"><strong>Planter<\/strong><\/h2>\n\n\n\n<hr class=\"wp-block-separator has-css-opacity is-style-wide\"\/>\n\n\n\n<p class=\"has-medium-font-size\">Les adh\u00e9rents peuvent choisir de planter avec l&rsquo;association en r\u00e9unissant des personnes de leur entourage (1 \u00e0 20 selon la taille du chantier), l&rsquo;\u00e9quipe de sylviculteurs de T&amp;B anime et coordonne techniquement le chantier. <\/p>\n<\/div>\n<\/div>\n\n\n\n<div id=\"wp-block-themeisle-blocks-advanced-columns-09a51882\" class=\"wp-block-themeisle-blocks-advanced-columns has-1-columns has-desktop-oneTwo-layout has-tablet-equal-layout has-mobile-collapsedRows-layout has-vertical-unset\"><div class=\"wp-block-themeisle-blocks-advanced-columns-overlay\"><\/div><div class=\"innerblocks-wrap\">\n<div id=\"wp-block-themeisle-blocks-advanced-column-5ea4f905\" class=\"wp-block-themeisle-blocks-advanced-column\">\n<div class=\"is-layout-constrained wp-block-group alignfull\"><div class=\"wp-block-group__inner-container\">\n<div id=\"wp-block-themeisle-blocks-advanced-columns-192fc9e5\" class=\"wp-block-themeisle-blocks-advanced-columns alignfull has-1-columns has-desktop-equal-layout has-tablet-equal-layout has-mobile-collapsedRows-layout has-reverse-columns-mobile has-vertical-center ticss-c00aadba\"><div class=\"wp-block-themeisle-blocks-advanced-columns-overlay\"><\/div><div class=\"innerblocks-wrap\">\n<div id=\"wp-block-themeisle-blocks-advanced-column-d989bbd4\" class=\"wp-block-themeisle-blocks-advanced-column\">\n<h1 class=\"has-text-align-center has-text-color\" style=\"color:#fff129\">2. Former, \u00e9lever, entretenir<\/h1>\n\n\n\n<p id=\"wp-block-themeisle-blocks-advanced-heading-f8d48e52\" class=\"wp-block-themeisle-blocks-advanced-heading wp-block-themeisle-blocks-advanced-heading-f8d48e52\">Former des arbres d\u2019avenir, recycler localement les r\u00e9manents<\/p>\n<\/div>\n<\/div><\/div>\n<\/div><\/div>\n<\/div>\n<\/div><\/div>\n\n\n\n<div class=\"is-layout-flex wp-container-9 wp-block-columns alignwide\">\n<div class=\"is-layout-flow wp-elements-3db8baeed872fe407083131692dcf754 wp-block-column has-text-color has-background has-link-color\" style=\"color:#000000;background-color:#c7ca91;padding-top:2em;padding-right:2em;padding-bottom:2em;padding-left:2em\">\n<h2 id=\"single\" style=\"font-size:40px\"><strong>Former<\/strong> les arbres<\/h2>\n\n\n\n<hr class=\"wp-block-separator has-text-color has-css-opacity has-background is-style-wide\" style=\"background-color:#000000;color:#000000\"\/>\n\n\n\n<p class=\"has-medium-font-size\">Appui technique \u00e0 la r\u00e9alisation d&rsquo;une taille de formation, permettant le d\u00e9veloppement de la haie, par un \u00e9lagage raisonn\u00e9. Cette taille est r\u00e9alis\u00e9e sur des arbres jeunes (moins de 15-20 ans).<\/p>\n<\/div>\n\n\n\n<div class=\"is-layout-flow wp-elements-00bbfc4086fc8b55109e7740f1ff5339 wp-block-column has-text-color has-background has-link-color\" style=\"color:#000000;background-color:#99a855;padding-top:2em;padding-right:2em;padding-bottom:2em;padding-left:2em\">\n<h2 id=\"family\" style=\"font-size:40px\"><strong>Contr\u00f4ler<\/strong> l&#8217;emprise<\/h2>\n\n\n\n<hr class=\"wp-block-separator has-css-opacity is-style-wide\"\/>\n\n\n\n<p class=\"has-medium-font-size\"> Aide \u00e0 l&rsquo;entretien des haies afin de maitriser leur emprise sur les cultures. \u00c9lagage, taille s\u00e9lective tron\u00e7onneuse en main, permettent la production de bois de chauffage pour la ferme ou le voisinage. <\/p>\n<\/div>\n\n\n\n<div class=\"is-layout-flow wp-elements-501ca12ebf1ad1a70be43590fa89c9d1 wp-block-column has-text-color has-background has-link-color\" style=\"color:#000000;background-color:#c4af44;padding-top:2em;padding-right:2em;padding-bottom:2em;padding-left:2em\">\n<h2 id=\"patron\" style=\"font-size:40px\"><strong>Recycler<\/strong> les r\u00e9manents<\/h2>\n\n\n\n<hr class=\"wp-block-separator has-css-opacity is-style-wide\"\/>\n\n\n\n<p class=\"has-medium-font-size\">Organisation de tourn\u00e9es de broyage des r\u00e9manents afin d&rsquo;\u00e9viter les br\u00fblages au champ. Chaque ann\u00e9e pr\u00e8s de 2000 m3 de BRF (bois ram\u00e9al fragment\u00e9) sont produits. Une partie est utilis\u00e9e directement sur les fermes (paillage, liti\u00e8re animaux), une autre est revendue \u00e0 des collectivit\u00e9s ou des particuliers via l&rsquo;association.<\/p>\n<\/div>\n<\/div>\n\n\n\n<div id=\"wp-block-themeisle-blocks-advanced-columns-2c60bc77\" class=\"wp-block-themeisle-blocks-advanced-columns alignfull has-1-columns has-desktop-equal-layout has-tablet-equal-layout has-mobile-collapsedRows-layout has-reverse-columns-mobile has-vertical-center ticss-c00aadba\"><div class=\"wp-block-themeisle-blocks-advanced-columns-overlay\"><\/div><div class=\"innerblocks-wrap\">\n<div id=\"wp-block-themeisle-blocks-advanced-column-75b9263d\" class=\"wp-block-themeisle-blocks-advanced-column\">\n<h1 class=\"has-text-align-center has-text-color\" style=\"color:#fff129\">3. Transmettre, \u00e9changer<\/h1>\n\n\n\n<p id=\"wp-block-themeisle-blocks-advanced-heading-40ecd43d\" class=\"wp-block-themeisle-blocks-advanced-heading wp-block-themeisle-blocks-advanced-heading-40ecd43d\">Partager les savoirs et savoir-faire issus de l&rsquo;exp\u00e9rience<\/p>\n<\/div>\n<\/div><\/div>\n\n\n\n<div class=\"is-layout-flex wp-container-13 wp-block-columns alignwide\">\n<div class=\"is-layout-flow wp-elements-b7765e62c05869d61b9b3b2c6e4d70c5 wp-block-column has-text-color has-background has-link-color\" style=\"color:#000000;background-color:#c7ca91;padding-top:2em;padding-right:2em;padding-bottom:2em;padding-left:2em\">\n<h3 id=\"single\" style=\"font-size:40px\">Proposer des formations<\/h3>\n\n\n\n<hr class=\"wp-block-separator has-text-color has-css-opacity has-background is-style-wide\" style=\"background-color:#000000;color:#000000\"\/>\n\n\n\n<p class=\"has-medium-font-size\">Directement sur les chantiers, v\u00e9ritables lieux de formations-action, ou aupr\u00e8s de divers publics : interventions dans des \u00e9tablissements de formation agricole, de groupes\/associations d&rsquo;agriculteurs, de collectivit\u00e9s locales.<\/p>\n<\/div>\n\n\n\n<div class=\"is-layout-flow wp-elements-43d4e8d61df16b8850812fa38ad6142d wp-block-column has-text-color has-background has-link-color\" style=\"color:#000000;background-color:#99a855;padding-top:2em;padding-right:2em;padding-bottom:2em;padding-left:2em\">\n<h2 id=\"family\" style=\"font-size:40px\"><strong>Planter en lien(s)<\/strong><\/h2>\n\n\n\n<hr class=\"wp-block-separator has-css-opacity is-style-wide\"\/>\n\n\n\n<p class=\"has-medium-font-size\">Mettre en lien agriculteurs, \u00e9tudiants, chercheurs, habitants du territoire, encourager les synergies entre diff\u00e9rents acteurs du bocage. <\/p>\n<\/div>\n\n\n\n<div class=\"is-layout-flow wp-elements-dfaeab798b22c280f1cdc3bc3349549c wp-block-column has-text-color has-background has-link-color\" style=\"color:#000000;background-color:#c4af44;padding-top:2em;padding-right:2em;padding-bottom:2em;padding-left:2em\">\n<h2 id=\"patron\" style=\"font-size:40px\"><strong>Favoriser <\/strong>la recherche<\/h2>\n\n\n\n<hr class=\"wp-block-separator has-css-opacity is-style-wide\"\/>\n\n\n\n<p class=\"has-medium-font-size\">L&rsquo;association est impliqu\u00e9 dans diff\u00e9rents projets de recherche collaborative men\u00e9s en lien avec l&rsquo;INRAE. Une approche syst\u00e9mique permet d&rsquo;interroger le b\u00e9n\u00e9fice de la pr\u00e9sence de ligneux dans le fonctionnement global de l&rsquo;exploitation.<\/p>\n\n\n\n<p><strong><a href=\"https:\/\/www.agforward.eu\/\" target=\"_blank\" rel=\"noreferrer noopener\">Projet AGFORWARD \u2197<\/a><\/strong><\/p>\n<\/div>\n<\/div>\n\n\n\n<div class=\"is-layout-flex wp-container-14 wp-block-columns alignfull has-text-color has-background\" style=\"color:#000000;background-color:#ffffff\"><\/div>\n\n\n\n<div class=\"is-layout-constrained wp-block-group\"><div class=\"wp-block-group__inner-container\">\n<p class=\"has-medium-font-size\"><\/p>\n<\/div><\/div>\n","protected":false},"excerpt":{"rendered":"<p>Conseiller B\u00e9n\u00e9ficier gratuitement de conseils techniques pour d\u00e9terminer l&#8217;emprise ainsi que la composition d&rsquo;une haie \u00e0 (re)planter. Fournir Fourniture de jeunes plants forestiers\/bocagers produits en 2 ans dans une p\u00e9pini\u00e8re de production, possibilit\u00e9 d&rsquo;introduire des fruitiers. Une commande group\u00e9e annuelle permet d&rsquo;obtenir des prix de gros sur les plants. Planter Les adh\u00e9rents peuvent choisir de&hellip;&nbsp;<a href=\"https:\/\/terresetbocages.org\/index.php\/nos-actions\/\" class=\"\" rel=\"bookmark\">Lire la suite &raquo;<span class=\"screen-reader-text\">Nos actions<\/span><\/a><\/p>\n","protected":false},"author":1,"featured_media":0,"parent":0,"menu_order":0,"comment_status":"closed","ping_status":"closed","template":"","meta":{"neve_meta_sidebar":"","neve_meta_container":"","neve_meta_enable_content_width":"","neve_meta_content_width":0,"neve_meta_title_alignment":"","neve_meta_author_avatar":"","neve_post_elements_order":"","neve_meta_disable_header":"","neve_meta_disable_footer":"","neve_meta_disable_title":"","_themeisle_gutenberg_block_has_review":false,"_ti_tpc_template_sync":false,"_ti_tpc_template_id":""},"yoast_head":"<!-- This site is optimized with the Yoast SEO plugin v19.11 - https:\/\/yoast.com\/wordpress\/plugins\/seo\/ -->\n<title>Nos actions &ndash; Association Terres et bocages<\/title>\n<meta name=\"robots\" content=\"index, follow, max-snippet:-1, max-image-preview:large, max-video-preview:-1\" \/>\n<link rel=\"canonical\" href=\"http:\/\/terresetbocages.org\/index.php\/nos-actions\/\" \/>\n<meta property=\"og:locale\" content=\"fr_FR\" \/>\n<meta property=\"og:type\" content=\"article\" \/>\n<meta property=\"og:title\" content=\"Nos actions &ndash; Association Terres et bocages\" \/>\n<meta property=\"og:description\" content=\"Conseiller B\u00e9n\u00e9ficier gratuitement de conseils techniques pour d\u00e9terminer l&#8217;emprise ainsi que la composition d&rsquo;une haie \u00e0 (re)planter. Fournir Fourniture de jeunes plants forestiers\/bocagers produits en 2 ans dans une p\u00e9pini\u00e8re de production, possibilit\u00e9 d&rsquo;introduire des fruitiers. Une commande group\u00e9e annuelle permet d&rsquo;obtenir des prix de gros sur les plants. Planter Les adh\u00e9rents peuvent choisir de&hellip;&nbsp;Lire la suite &raquo;Nos actions\" \/>\n<meta property=\"og:url\" content=\"http:\/\/terresetbocages.org\/index.php\/nos-actions\/\" \/>\n<meta property=\"og:site_name\" content=\"Association Terres et bocages\" \/>\n<meta property=\"article:modified_time\" content=\"2023-04-25T14:25:14+00:00\" \/>\n<meta name=\"twitter:card\" content=\"summary_large_image\" \/>\n<meta name=\"twitter:label1\" content=\"Dur\u00e9e de lecture estim\u00e9e\" \/>\n\t<meta name=\"twitter:data1\" content=\"2 minutes\" \/>\n<script type=\"application\/ld+json\" class=\"yoast-schema-graph\">{\"@context\":\"https:\/\/schema.org\",\"@graph\":[{\"@type\":\"WebPage\",\"@id\":\"http:\/\/terresetbocages.org\/index.php\/nos-actions\/\",\"url\":\"http:\/\/terresetbocages.org\/index.php\/nos-actions\/\",\"name\":\"Nos actions &ndash; Association Terres et bocages\",\"isPartOf\":{\"@id\":\"https:\/\/terresetbocages.org\/#website\"},\"datePublished\":\"2023-02-07T09:28:00+00:00\",\"dateModified\":\"2023-04-25T14:25:14+00:00\",\"breadcrumb\":{\"@id\":\"http:\/\/terresetbocages.org\/index.php\/nos-actions\/#breadcrumb\"},\"inLanguage\":\"fr-FR\",\"potentialAction\":[{\"@type\":\"ReadAction\",\"target\":[\"http:\/\/terresetbocages.org\/index.php\/nos-actions\/\"]}]},{\"@type\":\"BreadcrumbList\",\"@id\":\"http:\/\/terresetbocages.org\/index.php\/nos-actions\/#breadcrumb\",\"itemListElement\":[{\"@type\":\"ListItem\",\"position\":1,\"name\":\"Accueil\",\"item\":\"https:\/\/terresetbocages.org\/\"},{\"@type\":\"ListItem\",\"position\":2,\"name\":\"Nos actions\"}]},{\"@type\":\"WebSite\",\"@id\":\"https:\/\/terresetbocages.org\/#website\",\"url\":\"https:\/\/terresetbocages.org\/\",\"name\":\"Association TERRES et BOCAGES\",\"description\":\"R\u00e9unir des agriculteurs pour entretenir et am\u00e9liorer le bocage\",\"publisher\":{\"@id\":\"https:\/\/terresetbocages.org\/#organization\"},\"potentialAction\":[{\"@type\":\"SearchAction\",\"target\":{\"@type\":\"EntryPoint\",\"urlTemplate\":\"https:\/\/terresetbocages.org\/?s={search_term_string}\"},\"query-input\":\"required name=search_term_string\"}],\"inLanguage\":\"fr-FR\"},{\"@type\":\"Organization\",\"@id\":\"https:\/\/terresetbocages.org\/#organization\",\"name\":\"Association TERRES & BOCAGES\",\"url\":\"https:\/\/terresetbocages.org\/\",\"logo\":{\"@type\":\"ImageObject\",\"inLanguage\":\"fr-FR\",\"@id\":\"https:\/\/terresetbocages.org\/#\/schema\/logo\/image\/\",\"url\":\"https:\/\/terresetbocages.org\/wp-content\/uploads\/2017\/05\/Logo_TetB.jpg\",\"contentUrl\":\"https:\/\/terresetbocages.org\/wp-content\/uploads\/2017\/05\/Logo_TetB.jpg\",\"width\":1000,\"height\":542,\"caption\":\"Association TERRES & BOCAGES\"},\"image\":{\"@id\":\"https:\/\/terresetbocages.org\/#\/schema\/logo\/image\/\"}}]}<\/script>\n<!-- \/ Yoast SEO plugin. -->","yoast_head_json":{"title":"Nos actions &ndash; Association Terres et bocages","robots":{"index":"index","follow":"follow","max-snippet":"max-snippet:-1","max-image-preview":"max-image-preview:large","max-video-preview":"max-video-preview:-1"},"canonical":"http:\/\/terresetbocages.org\/index.php\/nos-actions\/","og_locale":"fr_FR","og_type":"article","og_title":"Nos actions &ndash; Association Terres et bocages","og_description":"Conseiller B\u00e9n\u00e9ficier gratuitement de conseils techniques pour d\u00e9terminer l&#8217;emprise ainsi que la composition d&rsquo;une haie \u00e0 (re)planter. Fournir Fourniture de jeunes plants forestiers\/bocagers produits en 2 ans dans une p\u00e9pini\u00e8re de production, possibilit\u00e9 d&rsquo;introduire des fruitiers. Une commande group\u00e9e annuelle permet d&rsquo;obtenir des prix de gros sur les plants. Planter Les adh\u00e9rents peuvent choisir de&hellip;&nbsp;Lire la suite &raquo;Nos actions","og_url":"http:\/\/terresetbocages.org\/index.php\/nos-actions\/","og_site_name":"Association Terres et bocages","article_modified_time":"2023-04-25T14:25:14+00:00","twitter_card":"summary_large_image","twitter_misc":{"Dur\u00e9e de lecture estim\u00e9e":"2 minutes"},"schema":{"@context":"https:\/\/schema.org","@graph":[{"@type":"WebPage","@id":"http:\/\/terresetbocages.org\/index.php\/nos-actions\/","url":"http:\/\/terresetbocages.org\/index.php\/nos-actions\/","name":"Nos actions &ndash; Association Terres et bocages","isPartOf":{"@id":"https:\/\/terresetbocages.org\/#website"},"datePublished":"2023-02-07T09:28:00+00:00","dateModified":"2023-04-25T14:25:14+00:00","breadcrumb":{"@id":"http:\/\/terresetbocages.org\/index.php\/nos-actions\/#breadcrumb"},"inLanguage":"fr-FR","potentialAction":[{"@type":"ReadAction","target":["http:\/\/terresetbocages.org\/index.php\/nos-actions\/"]}]},{"@type":"BreadcrumbList","@id":"http:\/\/terresetbocages.org\/index.php\/nos-actions\/#breadcrumb","itemListElement":[{"@type":"ListItem","position":1,"name":"Accueil","item":"https:\/\/terresetbocages.org\/"},{"@type":"ListItem","position":2,"name":"Nos actions"}]},{"@type":"WebSite","@id":"https:\/\/terresetbocages.org\/#website","url":"https:\/\/terresetbocages.org\/","name":"Association TERRES et BOCAGES","description":"R\u00e9unir des agriculteurs pour entretenir et am\u00e9liorer le bocage","publisher":{"@id":"https:\/\/terresetbocages.org\/#organization"},"potentialAction":[{"@type":"SearchAction","target":{"@type":"EntryPoint","urlTemplate":"https:\/\/terresetbocages.org\/?s={search_term_string}"},"query-input":"required name=search_term_string"}],"inLanguage":"fr-FR"},{"@type":"Organization","@id":"https:\/\/terresetbocages.org\/#organization","name":"Association TERRES & BOCAGES","url":"https:\/\/terresetbocages.org\/","logo":{"@type":"ImageObject","inLanguage":"fr-FR","@id":"https:\/\/terresetbocages.org\/#\/schema\/logo\/image\/","url":"https:\/\/terresetbocages.org\/wp-content\/uploads\/2017\/05\/Logo_TetB.jpg","contentUrl":"https:\/\/terresetbocages.org\/wp-content\/uploads\/2017\/05\/Logo_TetB.jpg","width":1000,"height":542,"caption":"Association TERRES & BOCAGES"},"image":{"@id":"https:\/\/terresetbocages.org\/#\/schema\/logo\/image\/"}}]}},"_links":{"self":[{"href":"https:\/\/terresetbocages.org\/index.php\/wp-json\/wp\/v2\/pages\/370"}],"collection":[{"href":"https:\/\/terresetbocages.org\/index.php\/wp-json\/wp\/v2\/pages"}],"about":[{"href":"https:\/\/terresetbocages.org\/index.php\/wp-json\/wp\/v2\/types\/page"}],"author":[{"embeddable":true,"href":"https:\/\/terresetbocages.org\/index.php\/wp-json\/wp\/v2\/users\/1"}],"replies":[{"embeddable":true,"href":"https:\/\/terresetbocages.org\/index.php\/wp-json\/wp\/v2\/comments?post=370"}],"version-history":[{"count":17,"href":"https:\/\/terresetbocages.org\/index.php\/wp-json\/wp\/v2\/pages\/370\/revisions"}],"predecessor-version":[{"id":676,"href":"https:\/\/terresetbocages.org\/index.php\/wp-json\/wp\/v2\/pages\/370\/revisions\/676"}],"wp:attachment":[{"href":"https:\/\/terresetbocages.org\/index.php\/wp-json\/wp\/v2\/media?parent=370"}],"curies":[{"name":"wp","href":"https:\/\/api.w.org\/{rel}","templated":true}]}}